820204.
2, 11, 4518641
List the prime factors of 624804338.
2, 23, 211, 64373
What are the prime factors of 9450080?
2, 5, 59063
List the prime factors of 178475573.
3271, 54563
What are the prime factors of 157534337?
23, 1979, 3461
List the prime factors of 74773028.
2, 11, 127, 13381
List the prime factors of 159457628.
2, 11, 1327, 2731
What are the prime factors of 32846754?
2, 3, 17, 43, 7489
What are the prime factors of 17456152?
2, 7, 44531
What are the prime factors of 655529255?
5, 31, 1439, 2939
List the prime factors of 72808682.
2, 36404341
List the prime factors of 37698324.
2, 3, 47, 66841
List the prime factors of 7566070102.
2, 3783035051
List the prime factors of 606863103.
3, 7, 11, 2627113
List the prime factors of 408360657.
3, 61, 2231479
List the prime factors of 314258.
2, 7, 22447
List the prime factors of 3691269738.
2, 3, 13, 17, 47, 6581
What are the prime factors of 61085726?
2, 13, 17, 10631
List the prime factors of 803289923.
19, 43, 281, 3499
List the prime factors of 1066860257.
31, 37, 911, 1021
What are the prime factors of 74012671?
263, 347, 811
What are the prime factors of 373370299?
1259, 296561
List the prime factors of 1519024245.
3, 5, 79, 349, 3673
List the prime factors of 142019010.
2, 3, 5, 7, 225427
What are the prime factors of 664273651?
83, 8003297
List the prime factors of 29139523.
7, 1531, 2719
List the prime factors of 621374554.
2, 229, 1356713
What are the prime factors of 1944519074?
2, 1871, 519647
What are the prime factors of 24271582?
2, 197, 61603
List the prime factors of 5417640949.
7, 110564101
List the prime factors of 45956714.
2, 23, 107, 9337
What are the prime factors of 31598990?
2, 5, 1657, 1907
What are the prime factors of 57326204?
2, 13, 1102427
List the prime factors of 472920347.
37, 12781631
List the prime factors of 584480453.
37, 15796769
List the prime factors of 1610723.
53, 30391
What are the prime factors of 23395751?
23395751
What are the prime factors of 71114195?
5, 317, 44867
List the prime factors of 591018544.
2, 5387, 6857
What are the prime factors of 337589913?
3, 53, 719, 2953
List the prime factors of 16513597.
83, 198959
What are the prime factors of 155595045?
3, 5, 31, 101, 3313
List the prime factors of 174068199.
3, 19340911
List the prime factors of 1638663805.
5, 53, 107, 57791
List the prime factors of 1237381166.
2, 7, 88384369
What are the prime factors of 186952809?
3, 23, 683, 3967
List the prime factors of 101531483.
101531483
List the prime factors of 24057733.
7, 29, 37, 3203
What are the prime factors of 98483417?
9391, 10487
What are the prime factors of 5856731601?
3, 7, 278891981
What are the prime factors of 50650321?
739, 68539
List the prime factors of 1209428070.
2, 3, 5, 773, 52153
What are the prime factors of 5640216461?
11, 499, 1027549
List the prime factors of 206859484.
2, 13, 97, 41011
List the prime factors of 109212367.
11, 9928397
List the prime factors of 46395343.
1429, 32467
What are the prime factors of 9542154526?
2, 4771077263
What are the prime factors of 413225502?
2, 3, 68870917
List the prime factors of 36600793.
53, 61, 11321
List the prime factors of 343461593.
1453, 236381
What are the prime factors of 726489003?
3, 242163001
List the prime factors of 1013999858.
2, 506999929
What are the prime factors of 64891700?
2, 5, 648917
List the prime factors of 761017820.
2, 5, 38050891
What are the prime factors of 2882285469?
3, 7, 45750563
What are the prime factors of 58922962?
2, 7, 53, 79411
What are the prime factors of 259031181?
3, 59, 1463453
List the prime factors of 112055654.
2, 19, 79, 163, 229
What are the prime factors of 287160655?
5, 79, 726989
List the prime factors of 618758993.
29, 137, 155741
What are the prime factors of 1974511618?
2, 987255809
List the prime factors of 685170736.
2, 23, 37, 50321
What are the prime factors of 541319631?
3, 59, 3058303
What are the prime factors of 40703864?
2, 59, 83, 1039
What are the prime factors of 2469064432?
2, 367, 420481
List the prime factors of 6899505.
3, 5, 317, 1451
List the prime factors of 200888509.
23, 8734283
What are the prime factors of 4325633606?
2, 7, 308973829
What are the prime factors of 198651976?
2, 151, 164447
What are the prime factors of 17586173?
11, 1598743
What are the prime factors of 52624574?
2, 26312287
What are the prime factors of 40346448?
2, 3, 809, 1039
What are the prime factors of 122956392?
2, 3, 13, 577, 683
What are the prime factors of 195797974?
2, 97898987
List the prime factors of 850619858.
2, 11, 38664539
List the prime factors of 7800494.
2, 13, 89, 3371
List the prime factors of 175896978.
2, 3, 29316163
List the prime factors of 258401705.
5, 881, 58661
What are the prime factors of 14358165?
3, 5, 957211
List the prime factors of 4054739558.
2, 2027369779
List the prime factors of 2696649745.
5, 41, 757, 17377
List the prime factors of 258859950.
2, 3, 5, 53, 32561
List the prime factors of 15595320.
2, 3, 5, 13, 769
What are the prime factors of 2199248231?
17, 2963, 43661
List the prime factors of 1258960515.
3, 5, 83930701
What are the prime factors of 2360130257?
23, 102614359
List the prime factors of 232622532.
2, 3, 6461737
What are the prime factors of 1178942640?
2, 3, 5, 1511, 3251
What are the prime factors of 1592493961?
1592493961
List the prime factors of 3165463163.
3165463163
What are the prime factors of 624477232?
2, 23, 41, 41389
What are the prime factors of 195306960?
2, 3, 5, 79, 10301
List the prime factors of 144573941.
97, 823, 1811
List the prime factors of 1009145460.
2, 3, 5, 47, 449, 797
List the prime factors of 529490906.
2, 7, 43, 879553
List the prime factors of 63891356.
2, 15972839
What are the prime factors of 304086075?
3, 5, 4054481
List the prime factors of 1057386886.
2, 167, 3165829
List the prime factors of 787693895.
5, 17, 9266987
What are the prime factors of 93198974?
2, 11, 43, 98519
What are the prime factors of 16480768?
2, 32189
What are the prime factors of 77013840?
2, 3, 5, 19, 16889
What are the prime factors of 71429959?
71429959
List the prime factors of 245010466.
2, 122505233
List the prime factors of 375272880.
2, 3, 5, 83, 18839
List the prime factors of 2511378040.
2, 5, 17, 3693203
What are the prime factors of 135297462?
2, 3, 3109, 7253
What are the prime factors of 1831142753?
11, 71, 1459, 1607
List the prime factors of 82339564.
2, 4261, 4831
What are the prime factors of 12117361?
59
List the prime factors of 121032875.
5, 968263
List the prime factors of 670449341.
7867, 85223
List the prime factors of 76402857.
3, 19, 1340401
List the prime factors of 231815994.
2, 3, 71, 211, 2579
What are the prime factors of 24192652?
2, 11, 549833
What are the prime factors of 4299134358?
2, 3, 716522393
What are the prime factors of 38376359?
7, 783191
List the prime factors of 240860106.
2, 3, 13381117
What are the prime factors of 14616867?
3, 4872289
List the prime factors of 37359636.
2, 3, 23, 223, 607
What are the prime factors of 17490181?
3767, 4643
What are the prime factors of 3061700487?
3, 340188943
What are the prime factors of 15588382?
2, 449, 17359
List the prime factors of 445672076.
2, 59, 1888441
List the prime factors of 211057441.
7, 30151063
What are the prime factors of 2555144014?
2, 23, 55546609
List the prime factors of 17107542.
2, 3, 17, 37, 1511
What are the prime factors of 133937377?
7, 1291, 14821
What are the prime factors of 220187057?
47, 659, 7109
List the prime factors of 250967499.
3, 83655833
List the prime factors of 3103435897.
47, 211, 312941
List the prime factors of 604818805.
5, 101, 311, 3851
List the prime factors of 11234447.
7, 173, 9277
List the prime factors of 3519664.
2, 219979
What are the prime factors of 582782495?
5, 116556499
List the prime factors of 409866781.
2843, 144167
What are the prime factors of 72179018?
2, 241, 149749
List the prime factors of 2536052068.
2, 11, 5239777
List the prime factors of 2948960052.
2, 3, 81915557
List the prime factors of 36968378.
2, 193, 95773
List the prime factors of 2389799407.
2389799407
What are the prime factors of 173277689?
13, 83, 160591
List the prime factors of 153703771.
13, 47, 251561
List the prime factors of 1552216041.
3